be 4/6 - (-21)/9. Suppose 0*j + 3*j = 4*l + p, 5*j = 3*l + 16. Let y(w) = -w**2 - w. Calculate y(l).
-12
Let c(x) = -x**3 + 7*x**2 - 4*x - 8. Let a be c(6). Suppose 3*h + 4 = -t, h = -3*t + 3*h + 10. Let u(b) = 2*b - 4 + t + 0. Give u(a).
6
Let t be ((-5)/3)/(-1 + (-4)/(-3)). Let h(n) be the second derivative of -n**5/20 - n**4/2 - n**3/3 - 5*n**2/2 + 9*n. Calculate h(t).
-20
Let q(t) = -11*t + 57. Let n be q(5). Let j(y) be the second derivative of y**3/2 + y**2 - 3*y. What is j(n)?
8
Let r = 0 - 0. Let z(x) = 2*x**2 + x. Let i(g) = -5*g**2 - 2*g + 3. Let p(j) = i(j) + 2*z(j). Determine p(r).
3
Let h(i) = -i**3 - 8*i**2 - 5*i + 4. Let a(s) = -3*s - 7. Let b be a(-2). Let t be (0/(-2) + 1)*7*b. Calculate h(t).
-10
Let a(l) = 8*l - 5. Suppose -x - 5*h - 8 = 10, -4*x = -2*h - 16. Determine a(x).
11
Let k(c) = c**2 + c + 4. Let n(s) = s**3 - 3*s**2 - 9*s - 15. Let x(h) = -5*k(h) - n(h). Calculate x(-4).
11
Let p(h) = h**3 - 6*h**2 + 4*h. Let u be (2 + -12)/((-4)/12). Let t = u - 25. Give p(t).
-5
Let n(s) = s**2 - 5*s - 4. Let q = 24 + -19. Suppose 0 = -5*j - q*t + 5, 5*j - 2*t - 55 = 3*t. What is n(j)?
2
Let j(f) = -29*f + 4 - 29*f + 105*f - 35*f. What is j(3)?
40
Suppose 0 = 13*s - 11*s + 10, -5*s - 20 = c. Let w(f) = f**3 - 4*f**2 - 3*f - 16. Determine w(c).
-6
Suppose 2*g + 3 = 11. Let x(f) = f**2. Let s = 16 - 14. Let r(u) = -u**2 - 2*u - 4. Let a(z) = s*x(z) + r(z). Calculate a(g).
4
Let q(n) = 12*n**2 + 10*n + 7. Let k(z) = -7*z**2 - 6*z - 4. Let y(i) = 5*k(i) + 3*q(i). What is y(-1)?
2
Let p(a) = -a**2 + a + 1. Let w be (-2)/(5 + -4) - -7. Let b(i) = -i**3 - 6*i**2 + 4*i + 2. Let h(m) = w*p(m) - b(m). Calculate h(0).
3
Let n(i) = i**3 + 5*i**2 - 124*i. Let q be n(9). Let o(z) = -2*z + 24. Give o(q).
-12
Let d(m) be the first derivative of m**6/60 - m**5/60 - m**4/24 + m**2/2 - 1. Let f(t) be the second derivative of d(t). Suppose 46*a - 8 = 50*a. Give f(a).
-18
Suppose -3*j + 12 = -6*j. Let k(d) = -192*d**2 - 193*d**2 + 386*d**2 + 5 + 5*d. What is k(j)?
1
Let l(t) be the first derivative of -t**3/3 + t**2 + t - 18. Let y be l(3). Let u(h) = -4*h - 1. Determine u(y).
7
Let i = -64 - -69. Let s be 8/36 + (105/27)/i. Let b(v) be the second derivative of 17*v**5/20 - v**3/6 + v**2/2 + v. What is b(s)?
17
Let k(q) = -10*q. Let u be k(-2). Suppose 8*b - 4*b - u = 0. Let o(x) be the third derivative of -x**4/24 + 4*x**3/3 - 45*x**2. Give o(b).
3
Let r(y) = -y + 14. Suppose 9*z - 4*z + 4*g - 35 = 0, 2*g = 0. Calculate r(z).
7
Let m(y) = 7*y**3 - 15*y**2 - 5*y - 8. Let v(i) = 3*i**3 - 7*i**2 - 2*i - 4. Let q(z) = -4*m(z) + 9*v(z). Determine q(-3).
-10
Let y be (-182)/6 - 2/(-6). Let o = 37 + y. Let n(v) = -v**2 + 9*v - 1. Give n(o).
13
Let u(x) = -x**3 + 2*x**2 - 9. Let m be 0/(0 - (-8 + 11)). Give u(m).
-9
Let q = -3 - 1. Let n(s) be the first derivative of s**3/3 + s**2 + 3*s - 13. Let x(h) = -1. Let b(c) = -n(c) - 3*x(c). What is b(q)?
-8
Let f(m) = -3929 - 2*m**2 + 5*m - 3927 + 7854 - m**3. Calculate f(2).
-8
Let s(c) be the first derivative of -c**2/2 + 6*c + 3. Suppose -4*y + 5 = -3. Let x(i) = i**2 + i - 1. Let n be x(y). Calculate s(n).
1
Let k(n) = -6*n + 1. Let p be k(1). Let b(l) be the first derivative of -l**3/3 - 4*l**2 - 6*l - 294. Determine b(p).
9
Let r(y) be the first derivative of y**5/60 + y**3/3 - 4*y**2 - 17. Let x(p) be the second derivative of r(p). Calculate x(-3).
11
Let p(q) = 18*q**3 - 2*q**2 + 1. Let c be 20/(-16)*2*-2. Suppose 2*a - c = -3*s, 5*s - 2 = 3*a - 0. Calculate p(s).
17
Let k(j) = -4*j**3 - j**2 + 1. Suppose -3*f - 7 = -3*m + 2, 3*m - 23 = -4*f. Suppose 14*y - 11*y + 4*i - 19 = 0, -m*y - 5*i + 25 = 0. Calculate k(y).
-4
Let d(y) = -4*y**2 - 2*y + 3. Let f(s) = s**2 + s - 1. Let c(k) = -d(k) + f(k). Let r(i) = -6*i**2 - 2*i + 5. Let h(t) = 5*c(t) + 4*r(t). Give h(-5).
-10
Let m(h) = -h**3 - 10*h**2 + 4*h + 8. Let u be 204/(-21) - (165/(-35) - -5). Determine m(u).
-32
Suppose -35 + 3 = 8*i - 8. Let w(t) = -t**3 + t**2 - t. Let z(r) = 5*r**3 - 2*r**2 + r - 4. Let v(g) = 4*w(g) + z(g). What is v(i)?
-4
Let x(w) be the third derivative of -w**5/60 + w**4/3 - w**3/3 - 50*w**2. Calculate x(7).
5
Let a(z) be the third derivative of 3*z**5/20 - z**2. Suppose -28*r - 104 + 76 = 0. Calculate a(r).
9
Let r(c) be the third derivative of c**5/12 - c**4/6 + c**3/3 - 691*c**2. Calculate r(2).
14
Let z(p) = -2*p - 4. Let r(q) = -3*q - 4. Let d be r(-2). Suppose 10 = d*c + 2. Suppose -5*w + 4*f + 5 = -f, -c*f = -w + 16. Calculate z(w).
4
Let w(z) = -6*z**2. Suppose 10*a = 14*a - 5*l + 17, 4*l - 20 = 0. Let d be (a + 0)*4/(-16)*4. Determine w(d).
-24
Suppose -9*s + 23 - 5 = 0. Suppose 0*y = -y - d - 3, y = s*d - 9. Let a(z) = -z**3 - 4*z**2 + 5*z - 1. Give a(y).
-1
Let b be -5 + (-1 - (-3)/1). Let a(d) = 3*d**3 - 7*d**2 - 2*d + 3. Let r = -27 + 26. Let m(w) = w**3 - w**2 - w. Let x(n) = r*a(n) + 4*m(n). Give x(b).
3
Let b = -512 + 514. Let i(h) be the first derivative of -1/2*h**b + 8 + 1/3*h**3 + h. Determine i(-3).
13
Let z(p) = 2*p + 7. Let u(v) = v**3 - v**2 - 5*v + 4. Let h be u(3). Suppose -a + h*a = 84. Let j = 8 - a. Determine z(j).
-5
Let l be (-8)/((-8)/(-3)) - -1 - -2. Suppose -10 = -h + 33. Let b(k) = -k - h + 47 + l*k. What is b(6)?
-2
Suppose -2*o + 63 = 5*o. Suppose 22*p - o*p - 39 = 0. Let g(z) = -2*z**2 + 2*z - 2. Determine g(p).
-14
Let a(g) = g**2 + 1. Let w = 212 + -211. Determine a(w).
2
Let t(u) = -8*u + 43. Let k(n) = 2*n + 7. Let z(d) = -d + 1. Let a(b) = k(b) + 4*z(b). Let f(j) = -9*a(j) + 2*t(j). Calculate f(9).
5
Let r(q) = -11*q + 13. Let i(l) = 28*l - 27. Let v(u) = -2*i(u) - 5*r(u). What is v(-11)?
0
Let a(r) be the first derivative of -r**3/3 - 3*r**2 + 6*r + 1. Let c(j) = -20*j**2 - 380*j - 7. Let i be c(-19). Determine a(i).
-1
Let y(f) = -9 - 3*f + f**2 + 74 - 56. Determine y(4).
13
Let z(x) be the third derivative of -x**7/2520 - x**6/720 + x**5/15 + 13*x**4/24 - 2*x**2 - 19. Let f(n) be the second derivative of z(n). What is f(0)?
8
Suppose 79 = 8*k + 23. Suppose -15 = 2*f - k. Let x(h) be the first derivative of h**4/4 + 5*h**3/3 + h**2 - 5*h - 8. Give x(f).
3
Let n(s) = 14*s**3 - s**2. Let m be 5/(-30)*9 - (-10)/4. Calculate n(m).
13
Let q(a) = -a**3 + a**2 - 3*a + 6. Let s be q(2). Let f(r) = r**2 + 3*r - 12. Calculate f(s).
-8
Let a(o) be the third derivative of -o**8/20160 + o**7/840 - o**6/144 + 13*o**5/60 + 9*o**2. Let t(f) be the third derivative of a(f). Calculate t(4).
3
Let y(a) = 2*a + 16. Let g be y(-8). Let v(r) be the third derivative of 5/6*r**3 + 1/60*r**5 - 1/24*r**4 - 5*r**2 + 0*r + 0. Calculate v(g).
5
Let b(c) = c**3 + 5*c**2 - 12. Let m be b(-4). Let z(g) = 3*g + 106 - m*g - 100 - g. What is z(6)?
-6
Let v(z) = 2*z - 446*z**3 + z**2 - 1 + 441*z**3 - 3*z**2. Suppose -5 = 2*q + 1. Let l(x) = -x - 2. Let a be l(q). Give v(a).
-6
Let u(i) = -7*i**3 - 5 + 4*i**2 - 3*i**2 - 2*i**2 - 3*i. Let j(f) = 7*f**3 + f**2 + 2*f + 4. Let k(b) = -4*j(b) - 3*u(b). Calculate k(1).
-8
Let h(w) = -w**3 + 2*w**2 - 2*w + 1. Suppose -41*v + 28 = -34*v. What is h(v)?
-39
Suppose 5*f = 0, 5*a = -0*f - 2*f + 50. Let k be ((-4)/5)/(2/a). Let z(v) = -v**2 - 4*v. Let y be z(k). Let l(d) = -d + 15. Give l(y).
15
Let k(a) = -4*a**3 - 28*a**2 + 8*a + 14. Let p(v) = v**3 + 9*v**2 - 3*v - 5. Suppose -10 = 11*y - 16*y. Let g(c) = y*k(c) + 7*p(c). Calculate g(6).
-1
Let j(w) = -w**3 - 8*w**2 + 5*w + 4. Let r be j(-9). Suppose -2*l + 4*x = 2*l + r, -5*l - 2*x - 22 = 0. Let q(c) = c + 4. Calculate q(l).
-2
Let m(z) = 18*z - 42. Let w be m(2). Let g(k) = 3*k + 6. What is g(w)?
-12
Suppose -5*a + 42 = 4*h - 4, 4*h = 2*a + 4. Let x(c) = 7*c + 4*c**2 + 2*c + 4 - 6 - 5*c**2. What is x(a)?
16
Let a be (-216)/(-28) - (-4)/14. Suppose -o - o + 5*l + 20 = 0, a = -o - 2*l. Let u(k) = o - 2 + 3*k - 36*k**2 + 34*k**2. What is u(2)?
-4
Suppose 2*x + 1 = -4*z + 3, -4*x + 3*z + 15 = 0. Let n(r) = -12*r + 2. Determine n(x).
-34
Let v(z) = -z**3 + 2*z**2 - z + 1. Suppose 5*a = 20, -2*a = -4*j + 12 - 8. Calculate v(j).
-11
Let q(y) = 3*y**2 - 6*y - 12. Let b(w) = -w**2 - w - 1. Let k(a) = 4*b(a) + q(a). Let m be k(-8). Let l(f) = f**2 + f + 11. Calculate l(m).
11
Let u = 0 - 0. Let f(q) be the first derivative of q**4/4 - q**3/3 - q + 110. Determine f(u).
-1
Let r = -343 - -346. Let o(j) be the first derivative of r*j**2 